. Suppose -5*g - i - 4 = 0. What is n(g)?
0
Let g(s) = 17*s**2 - 11*s. Let d(b) = -8*b**2 + 5*b. Let o(l) = -13*d(l) - 6*g(l). Let t(f) = f - 4. Let v be t(5). Determine o(v).
3
Let g(r) be the second derivative of r**5/120 - r**4/8 + r**3/3 - 4*r. Let v(y) be the second derivative of g(y). What is v(0)?
-3
Let x(l) = -8*l**3 - 3*l**2 + 3*l - 3. Let o(b) = -16*b**3 - 5*b**2 + 5*b - 5. Let g(c) = -3*o(c) + 5*x(c). What is g(-1)?
-8
Suppose 14 - 4 = 5*x. Let n(d) = d + d**x + 1 + 2 - 2. Determine n(-1).
1
Let n(p) be the second derivative of 3*p + 0 + 1/30*p**5 + 0*p**4 - 3/2*p**2 - 1/3*p**3. Let x(d) be the first derivative of n(d). Calculate x(2).
6
Let x(b) = 19 - 5*b + 8 - 11 + b**2 - 8*b. Calculate x(11).
-6
Let u(b) = 2*b**2 - 2*b - 4. Let t(y) = 3*y**2 - y - 5. Let z(m) = -3*t(m) + 4*u(m). What is z(-2)?
5
Let l = -1 + -3. Let g be -6 + (-1)/l*0. Let f(n) = -n**3 - 5*n**2 + 6*n + 7. Give f(g).
7
Suppose a + 2 = -2*p - 0, 0 = 5*a + 5*p + 15. Let x(n) be the second derivative of -n**5/20 - 5*n**4/12 - n**3/3 - n**2/2 + 70*n. What is x(a)?
-9
Let o(a) be the third derivative of 0 - 2*a**3 - 2*a**2 - 1/24*a**4 + 0*a. Calculate o(-6).
-6
Let i(d) = -4*d**3 + 2*d**2 - 1. Let r be i(-1). Let c(m) = m**2 - 4*m - 6. Give c(r).
-1
Let w(y) = 13*y**2 + 25*y + 7. Let t(d) = 7*d**2 + 13*d + 4. Let o(g) = 11*t(g) - 6*w(g). Determine o(-7).
2
Let u(s) be the first derivative of -3*s**2 - s - 40. Determine u(-1).
5
Suppose -5*n - 2*a = 2 + 3, 3*n + 3 = 4*a. Let z(r) be the third derivative of 1/6*r**3 - 1/30*r**5 + 1/12*r**4 + 0 + 0*r - 2*r**2. Determine z(n).
-3
Let o(f) = 7 + 2 + 0 + 2*f. Calculate o(-6).
-3
Let v(z) = 2*z - z**2 - 5 + 4 + 5. Let s(c) = -3*c - 2*c + c. Let g be s(-1). Give v(g).
-4
Let p(s) = 3*s**2 - 4*s**2 + s + 0*s**2 - s**3 + 1. Let w(x) = 4*x**3 + 4*x**2 - 2*x - 1. Let t(q) = 2*p(q) + w(q). Let l be 1/((-1)/4*-10 - 3). Determine t(l).
-7
Let p = 10 + -6. Let c(k) = -3 + 4*k - p*k - 2 - 2*k. What is c(-4)?
3
Let c(w) = w**3 + 7*w**2 + 7*w + 2. Let t = -52 + 47. Give c(t).
17
Let i(z) be the third derivative of z**4/24 - z**3/3 + 3*z**2. Suppose -3*q = q + 3*x - 6, -3*x = -4*q - 6. Let f be 2 + 1/(-2)*q. Calculate i(f).
0
Let x(l) be the first derivative of l**3/3 + l**2/2 + 8*l + 6. Let b(i) be the first derivative of x(i). What is b(-6)?
-11
Let b be ((-8)/3)/((-10)/15). Let w(u) = 7*u**3 - 13*u**2 + 4*u - 7. Let c(k) = 4*k**3 - 7*k**2 + 2*k - 3. Let x(q) = 5*c(q) - 3*w(q). Calculate x(b).
-2
Let x(q) = q**2 - 2*q + 2. Suppose -6*r - 14*r + 100 = 0. Determine x(r).
17
Let m(i) = i**3 + 7*i**2 + 8*i + 9. Let k be m(-6). Let y(c) = 8 - 10 + 0*c - c. What is y(k)?
1
Let b(z) = z + 9. Let t be b(-4). Let g(l) = 2*l - 5. Determine g(t).
5
Let y(o) = -o - 4. Let n(b) be the first derivative of 3*b**2/2 - 18. Let m(p) = -p**3 + 3*p**2 + 1. Let u be m(3). Let t be n(u). What is y(t)?
-7
Let q = 10 + -5. Let r = -4 + q. Let v(t) = -r + 0 + 3*t - 3. What is v(4)?
8
Let r(b) = -b**2 - 3*b + 4. Let x be r(-5). Let s(j) be the second derivative of j**4/12 + j**3 + 5*j**2/2 - 20*j. Determine s(x).
5
Let r(l) = l**2 + l. Let u(b) = 3*b**2 + 7*b - 4. Let w be 3*(-3)/(-9) - -1. Suppose 2*q + w*q = 4. Let k(g) = q*u(g) - 4*r(g). Determine k(3).
-4
Let m = -2 - 3. Suppose -s - 3*s = -16. Let q(x) = -6*x - 7 + s*x + 0*x. Give q(m).
3
Suppose w + 4*k = 2, 6*w - 5*k - 6 = 3*w. Let z(v) = 2*v**3 - 2*v**2 + 4*v - 2. Determine z(w).
14
Suppose 0 = -2*w - 2*a + 1 - 7, 4*a = w - 12. Let g(n) = n + 7. Let q be g(w). Let f(d) = d**3 - 6*d**2 - 6*d - 2. Calculate f(q).
5
Let o(k) = 3*k - 11. Suppose -m - 5*v = -13, 5*m + v - 44 = -3*v. What is o(m)?
13
Let p(b) be the second derivative of -b**5/20 - b**4/12 + b**2/2 + 5*b. What is p(2)?
-11
Let y(g) = -8*g - 2. Let d(m) = 17*m + 4. Let a(p) = 6*d(p) + 13*y(p). Calculate a(-6).
10
Let s(x) = -x**3 - 3*x**2 + 5*x + 1. Let t = -30 - -26. Calculate s(t).
-3
Let o(w) be the second derivative of w**5/20 + 5*w**4/12 + w**3/6 - 2*w. Suppose -x = -0*r - 2*r + 15, -5*r = 4*x - 44. Let i be (r - 6/2)/(-1). Determine o(i).
-5
Let f(w) = w + 11. Let q be (27/(-6))/(27/36). Calculate f(q).
5
Let z(g) = -5*g**3 - g. Suppose 4*j + 1 = 5*q, 5 - 1 = 3*j + q. Give z(j).
-6
Let s(p) = -p**2 - 6*p - 6. Suppose 4*y - 2*y = -2. Let k = 0 + y. Let f(t) = 6*t. Let h be f(k). Calculate s(h).
-6
Let b(j) = j**3 + 5*j**2 - 7*j + 1. Let h(t) = 3*t**3 + 11*t**2 - 15*t + 2. Let u(k) = 13*b(k) - 6*h(k). Let g be -1*(-2 - (-1 + 0)). What is u(g)?
-6
Let u be -2 - -1 - (14 + -10). Let g(x) = -x**3 - 5*x**2 - 3. What is g(u)?
-3
Suppose -4*j = -4 - 12. Let z(w) = 9*w - j*w + 3*w. Determine z(1).
8
Let o(j) = 2*j - 6. Let q(k) = k + 1. Suppose 0*i = u + i - 2, u + 7 = -4*i. Let t be q(u). Calculate o(t).
6
Let p be (-4)/6*(-3)/1 + 1. Let f(s) = 3*s**2 - 14*s + 5. Let j(w) = -w**2 + 5*w - 2. Let h(z) = 3*f(z) + 8*j(z). What is h(p)?
2
Let z(r) be the first derivative of -1/4*r**4 + r - r**2 - 4/3*r**3 + 1. What is z(-2)?
-3
Let u be -3 - 3 - (-1 + 0). Let d(k) be the third derivative of k**5/60 + 5*k**4/24 + k**3/2 + 5*k**2. What is d(u)?
3
Let q(w) = 5*w - 1. Let j be q(-1). Let o(a) = 2*a + 9. Determine o(j).
-3
Let c(x) = 4*x**3 - 3*x - 1. Let q(u) = 3*u**3 - 2*u - 2. Let z(w) = -2*c(w) + 3*q(w). Suppose -2*i = -0*i. Calculate z(i).
-4
Let d(m) = m**2 - 9*m + 15. Suppose 0*n - 5*n + 35 = 0. Let b be d(n). Let r(u) be the second derivative of -u**5/10 + u**3/3 - u**2/2 + u. What is r(b)?
-1
Let j(n) = 14 - 26 + 3 - 26 - 20*n. Let i(o) = 7*o + 12. Let p(s) = -17*i(s) - 6*j(s). Determine p(-6).
0
Suppose 0 = -4*k - 0 + 4. Let c(n) = -3 + 2 - k - n. Let o be 6/(-4) - (-12)/(-8). Give c(o).
1
Let k be 5/2*(-8)/(-10). Suppose 0 = 4*g + 5*d + 32, k*g + 2*g = -d - 16. Let r(q) be the first derivative of -q**4/4 - 4*q**3/3 - q**2 - 4*q - 4. Give r(g).
-7
Let w(i) = -i**2 - i**2 - 3*i + 3*i**2. Let h(u) = 2*u + 47. Let z be h(-22). Give w(z).
0
Let v(n) be the second derivative of 0*n**2 - 7/6*n**4 - 2*n + 1/6*n**3 + 0. Determine v(1).
-13
Let a(r) = 2*r + 1. Let t be a(1). Let f(s) = -s**3 + 5*s**2 + s - 5. Let z(o) = o**3 - 4*o**2 - o + 4. Let b(n) = t*f(n) + 4*z(n). Calculate b(0).
1
Let y(b) be the first derivative of -5*b**4/2 - b**2/2 - 8. Calculate y(1).
-11
Suppose -3*m + m = -2. Let v(o) = 8*o**2 - 4*o + 1. Let r(n) = 8*n**2 - 5*n + 1. Let f(b) = 2*r(b) - 3*v(b). Determine f(m).
-7
Let g(m) = -m**3 - 3*m**2 + 3. Let i = -5 - -2. Let h be g(i). Suppose -h*k - 1 = u - 2*k, 5*u + 23 = k. Let q(t) = -t**3 - 4*t**2 - 1. What is q(u)?
-1
Suppose 5*t = -2*t. Let i(o) = o. What is i(t)?
0
Let i(q) be the first derivative of 3*q**3 + q**2 + q + 13. What is i(-1)?
8
Let t(i) = i**3 - i**2 - 2*i - 3. Suppose -24 = -3*k - 3*y, -3*y + 2 + 10 = -k. Determine t(k).
9
Let w(b) = b**3 + 7*b**2 + b + 1. Let z(i) = -2*i**3 - 8*i**2 - i - 1. Let l(s) = 7*w(s) + 6*z(s). Let d = -16 - -26. Let p be (4/(-6))/(d/15). Give l(p).
6
Let z(c) = c**2 + 2*c - 3. Let k be 3*(-1 - 5/(-3)). Suppose -k*b + 24 - 4 = -5*o, 0 = 4*o - 3*b + 16. What is z(o)?
5
Let u = -3 - 0. Let l(f) be the second derivative of 0 + 3*f**2 - f + 1/6*f**3. Determine l(u).
3
Suppose 2 = -y - 5*l + 2*l, 4*y = 2*l + 6. Let d be (y + 0)/((-1)/(-7)). Let o = d - 11. Let i(r) = r**2 + 2*r + 2. Give i(o).
10
Let z(y) = y + 9. Suppose 5*v - 2*o - 34 = -6, -5*o - 8 = 3*v. Suppose -v*t - 21 + 5 = 0. Determine z(t).
5
Suppose 3*l - 16 = -7. Suppose 0 = 3*d + d - 3*z - 14, -16 = -l*d + 5*z. Suppose 3*g + d = 8. Let v(t) = -t**3 + 2*t**2 - t. Give v(g).
-2
Let r(b) = 1. Let a(i) = -i. Let n(w) = a(w) + 6*r(w). Let o = 31 + -19. Suppose -t - o = -3*t. Calculate n(t).
0
Let j(r) = -r**2 - 4*r + 2. Let y be (3/2)/(15/(-20)). Suppose -28 = 2*u + 2*u. Let q = u - y. Determine j(q).
-3
Let h be 2/3 - 14/(-6). Let r(i) = -6*i + 9. Let l(n) = -2*n + 3. Let x(b) = -8*l(b) + 3*r(b). What is x(h)?
-3
Let q(t) = -t**3 + 6*t**2 - 4*t. Suppose 5*g - 4*l - 17 = -2*l, -3*l + 17 = g. Determine q(g).
5
Let i(d) = -8*d**2 + 10*d - 6. Let o(p) = 3*p**2 - 3*p + 2. Let a(x) = 4*i(x) + 11*o(x). Calculate a(-6).
-8
Let q(f) = -3 - 2*f + 3*f + 6. Let z(y) = -y + 8. Let w(k) = -3. Let x(g) = 7*w(g) + 2*z(g). Let h(p) = -5*q(p) - 3*x(p). Calculate h(-4).
-4
Let l(k) be the second derivative of 7*k**3/6 - k**2 + 18*k. Give l(2).
12
Le